{"id":10042,"date":"2017-12-07T02:25:11","date_gmt":"2017-12-07T02:25:11","guid":{"rendered":"https:\/\/ecoyeso.com.py\/?page_id=10042"},"modified":"2023-06-15T20:16:30","modified_gmt":"2023-06-15T20:16:30","slug":"catprod_2","status":"publish","type":"page","link":"https:\/\/ecoyeso.com.py\/index.php\/catprod_2\/","title":{"rendered":"Cat\u00e1logo de productos_florones"},"content":{"rendered":"<p>[vc_row css=\u00bb.vc_custom_1558852781310{background-color: #f7f9fa !important;background-position: center !important;background-repeat: no-repeat !important;background-size: cover !important;}\u00bb][vc_column]\r\n\t<div class=\"bauer-spacer clearfix\" data-desktop=\"94\" data-mobi=\"60\" data-smobi=\"60\"><\/div>\r\n\t<div class=\"bauer-spacer clearfix\" data-desktop=\"94\" data-mobi=\"60\" data-smobi=\"60\"><\/div>[vc_row_inner][vc_column_inner width=\u00bb1\/2&#8243;]<h2 class=\"bauer-text clearfix \" style=\"font-size:42px;line-height:50px;color:#030f27;\"><p>Contamos con una gran variedad de productos disponibles.<\/p>\n<\/h2>[\/vc_column_inner][vc_column_inner width=\u00bb1\/2&#8243;]<div class=\"bauer-text clearfix \" style=\"font-size:18px;line-height:30px;color:#414042;\"><p class=\"p2\">Construimos las mejores molduras dentro de los presupuestos y plazos de nuestros clientes sin sacrificar la calidad y la mano de obra. Lo mantenemos actualizado sobre las \u00faltimas pr\u00e1cticas y materiales de construcci\u00f3n m\u00e1s ecol\u00f3gicos.<\/p>\n<\/div>[\/vc_column_inner][\/vc_row_inner]\r\n\t<div class=\"bauer-spacer clearfix\" data-desktop=\"70\" data-mobi=\"50\" data-smobi=\"50\"><\/div><div class=\"bauer-fancy-text scroll text-center\" data-min=\"18px\" data-max=\"40px\" style=\"height:40px;\">\r\n\t        <h2 class=\"heading\" style=\"font-size:40px;height:40px;line-height:40px;color:#33428e;\">Florones \/ Plafones<\/h2>\r\n\t    <\/div>\r\n\t<div class=\"bauer-spacer clearfix\" data-desktop=\"30\" data-mobi=\"30\" data-smobi=\"30\"><\/div>[vc_row_inner][vc_column_inner width=\u00bb1\/3&#8243; css=\u00bb.vc_custom_1672971585960{padding-right: 30px !important;padding-left: 30px !important;}\u00bb]<div class=\"bauer-image-box clearfix style-1 text-center\" style=\"\" >\r\n        <div class=\"item\">\r\n            <div class=\"inner\">\r\n                <div class=\"thumb\" style=\"\"><img loading=\"lazy\" decoding=\"async\" width=\"1080\" height=\"1080\" src=\"https:\/\/ecoyeso.com.py\/wp-content\/uploads\/2023\/04\/flor_1-min.jpg\" class=\"attachment-full size-full\" alt=\"\" srcset=\"https:\/\/ecoyeso.com.py\/wp-content\/uploads\/2023\/04\/flor_1-min.jpg 1080w, https:\/\/ecoyeso.com.py\/wp-content\/uploads\/2023\/04\/flor_1-min-300x300.jpg 300w, https:\/\/ecoyeso.com.py\/wp-content\/uploads\/2023\/04\/flor_1-min-1024x1024.jpg 1024w, https:\/\/ecoyeso.com.py\/wp-content\/uploads\/2023\/04\/flor_1-min-150x150.jpg 150w, https:\/\/ecoyeso.com.py\/wp-content\/uploads\/2023\/04\/flor_1-min-768x768.jpg 768w, https:\/\/ecoyeso.com.py\/wp-content\/uploads\/2023\/04\/flor_1-min-600x600.jpg 600w, https:\/\/ecoyeso.com.py\/wp-content\/uploads\/2023\/04\/flor_1-min-870x870.jpg 870w, https:\/\/ecoyeso.com.py\/wp-content\/uploads\/2023\/04\/flor_1-min-640x640.jpg 640w, https:\/\/ecoyeso.com.py\/wp-content\/uploads\/2023\/04\/flor_1-min-480x480.jpg 480w, https:\/\/ecoyeso.com.py\/wp-content\/uploads\/2023\/04\/flor_1-min-140x140.jpg 140w, https:\/\/ecoyeso.com.py\/wp-content\/uploads\/2023\/04\/flor_1-min-550x550.jpg 550w, https:\/\/ecoyeso.com.py\/wp-content\/uploads\/2023\/04\/flor_1-min-100x100.jpg 100w\" sizes=\"auto, (max-width: 1080px) 100vw, 1080px\" \/> <\/div>\r\n                <div class=\"text-wrap \" style=\" padding:30px 30px 12px;\">\r\n                    <h3 class=\"title\" style=\"font-size:20px;color:#414042;\">\r\n            Flor 1\r\n        <\/h3> <div class=\"desc\" style=\"\">Medidas: 36 cm | Cod: 2033<\/div> \r\n                <\/div>\r\n                \r\n            <\/div>\r\n        <\/div>\r\n    <\/div>\r\n\t<div class=\"bauer-spacer clearfix\" data-desktop=\"30\" data-mobi=\"30\" data-smobi=\"30\"><\/div><div class=\"bauer-image-box clearfix style-1 text-center\" style=\"\" >\r\n        <div class=\"item\">\r\n            <div class=\"inner\">\r\n                <div class=\"thumb\" style=\"\"><img loading=\"lazy\" decoding=\"async\" width=\"1080\" height=\"1080\" src=\"https:\/\/ecoyeso.com.py\/wp-content\/uploads\/2023\/04\/flor_4-min.jpg\" class=\"attachment-full size-full\" alt=\"\" srcset=\"https:\/\/ecoyeso.com.py\/wp-content\/uploads\/2023\/04\/flor_4-min.jpg 1080w, https:\/\/ecoyeso.com.py\/wp-content\/uploads\/2023\/04\/flor_4-min-300x300.jpg 300w, https:\/\/ecoyeso.com.py\/wp-content\/uploads\/2023\/04\/flor_4-min-1024x1024.jpg 1024w, https:\/\/ecoyeso.com.py\/wp-content\/uploads\/2023\/04\/flor_4-min-150x150.jpg 150w, https:\/\/ecoyeso.com.py\/wp-content\/uploads\/2023\/04\/flor_4-min-768x768.jpg 768w, https:\/\/ecoyeso.com.py\/wp-content\/uploads\/2023\/04\/flor_4-min-600x600.jpg 600w, https:\/\/ecoyeso.com.py\/wp-content\/uploads\/2023\/04\/flor_4-min-870x870.jpg 870w, https:\/\/ecoyeso.com.py\/wp-content\/uploads\/2023\/04\/flor_4-min-640x640.jpg 640w, https:\/\/ecoyeso.com.py\/wp-content\/uploads\/2023\/04\/flor_4-min-480x480.jpg 480w, https:\/\/ecoyeso.com.py\/wp-content\/uploads\/2023\/04\/flor_4-min-140x140.jpg 140w, https:\/\/ecoyeso.com.py\/wp-content\/uploads\/2023\/04\/flor_4-min-550x550.jpg 550w, https:\/\/ecoyeso.com.py\/wp-content\/uploads\/2023\/04\/flor_4-min-100x100.jpg 100w\" sizes=\"auto, (max-width: 1080px) 100vw, 1080px\" \/> <\/div>\r\n                <div class=\"text-wrap \" style=\" padding:30px 30px 12px;\">\r\n                    <h3 class=\"title\" style=\"font-size:20px;color:#414042;\">\r\n            Flor 4\r\n        <\/h3> <div class=\"desc\" style=\"\">Medidas: 37 cm | Cod: 2037<\/div> \r\n                <\/div>\r\n                \r\n            <\/div>\r\n        <\/div>\r\n    <\/div>\r\n\t<div class=\"bauer-spacer clearfix\" data-desktop=\"30\" data-mobi=\"30\" data-smobi=\"30\"><\/div><div class=\"bauer-image-box clearfix style-1 text-center\" style=\"\" >\r\n        <div class=\"item\">\r\n            <div class=\"inner\">\r\n                <div class=\"thumb\" style=\"\"><img loading=\"lazy\" decoding=\"async\" width=\"1080\" height=\"1080\" src=\"https:\/\/ecoyeso.com.py\/wp-content\/uploads\/2023\/04\/flor_7-min.jpg\" class=\"attachment-full size-full\" alt=\"\" srcset=\"https:\/\/ecoyeso.com.py\/wp-content\/uploads\/2023\/04\/flor_7-min.jpg 1080w, https:\/\/ecoyeso.com.py\/wp-content\/uploads\/2023\/04\/flor_7-min-300x300.jpg 300w, https:\/\/ecoyeso.com.py\/wp-content\/uploads\/2023\/04\/flor_7-min-1024x1024.jpg 1024w, https:\/\/ecoyeso.com.py\/wp-content\/uploads\/2023\/04\/flor_7-min-150x150.jpg 150w, https:\/\/ecoyeso.com.py\/wp-content\/uploads\/2023\/04\/flor_7-min-768x768.jpg 768w, https:\/\/ecoyeso.com.py\/wp-content\/uploads\/2023\/04\/flor_7-min-600x600.jpg 600w, https:\/\/ecoyeso.com.py\/wp-content\/uploads\/2023\/04\/flor_7-min-870x870.jpg 870w, https:\/\/ecoyeso.com.py\/wp-content\/uploads\/2023\/04\/flor_7-min-640x640.jpg 640w, https:\/\/ecoyeso.com.py\/wp-content\/uploads\/2023\/04\/flor_7-min-480x480.jpg 480w, https:\/\/ecoyeso.com.py\/wp-content\/uploads\/2023\/04\/flor_7-min-140x140.jpg 140w, https:\/\/ecoyeso.com.py\/wp-content\/uploads\/2023\/04\/flor_7-min-550x550.jpg 550w, https:\/\/ecoyeso.com.py\/wp-content\/uploads\/2023\/04\/flor_7-min-100x100.jpg 100w\" sizes=\"auto, (max-width: 1080px) 100vw, 1080px\" \/> <\/div>\r\n                <div class=\"text-wrap \" style=\" padding:30px 30px 12px;\">\r\n                    <h3 class=\"title\" style=\"font-size:20px;color:#414042;\">\r\n            Flor 7\r\n        <\/h3> <div class=\"desc\" style=\"\">Medidas: 59 cm | Cod: 2039<\/div> \r\n                <\/div>\r\n                \r\n            <\/div>\r\n        <\/div>\r\n    <\/div>\r\n\t<div class=\"bauer-spacer clearfix\" data-desktop=\"30\" data-mobi=\"30\" data-smobi=\"30\"><\/div>[\/vc_column_inner][vc_column_inner width=\u00bb1\/3&#8243; css=\u00bb.vc_custom_1672971647393{padding-right: 30px !important;padding-left: 30px !important;}\u00bb]<div class=\"bauer-image-box clearfix style-1 text-center\" style=\"\" >\r\n        <div class=\"item\">\r\n            <div class=\"inner\">\r\n                <div class=\"thumb\" style=\"\"><img loading=\"lazy\" decoding=\"async\" width=\"1080\" height=\"1080\" src=\"https:\/\/ecoyeso.com.py\/wp-content\/uploads\/2023\/04\/flor_2-min.jpg\" class=\"attachment-full size-full\" alt=\"\" srcset=\"https:\/\/ecoyeso.com.py\/wp-content\/uploads\/2023\/04\/flor_2-min.jpg 1080w, https:\/\/ecoyeso.com.py\/wp-content\/uploads\/2023\/04\/flor_2-min-300x300.jpg 300w, https:\/\/ecoyeso.com.py\/wp-content\/uploads\/2023\/04\/flor_2-min-1024x1024.jpg 1024w, https:\/\/ecoyeso.com.py\/wp-content\/uploads\/2023\/04\/flor_2-min-150x150.jpg 150w, https:\/\/ecoyeso.com.py\/wp-content\/uploads\/2023\/04\/flor_2-min-768x768.jpg 768w, https:\/\/ecoyeso.com.py\/wp-content\/uploads\/2023\/04\/flor_2-min-600x600.jpg 600w, https:\/\/ecoyeso.com.py\/wp-content\/uploads\/2023\/04\/flor_2-min-870x870.jpg 870w, https:\/\/ecoyeso.com.py\/wp-content\/uploads\/2023\/04\/flor_2-min-640x640.jpg 640w, https:\/\/ecoyeso.com.py\/wp-content\/uploads\/2023\/04\/flor_2-min-480x480.jpg 480w, https:\/\/ecoyeso.com.py\/wp-content\/uploads\/2023\/04\/flor_2-min-140x140.jpg 140w, https:\/\/ecoyeso.com.py\/wp-content\/uploads\/2023\/04\/flor_2-min-550x550.jpg 550w, https:\/\/ecoyeso.com.py\/wp-content\/uploads\/2023\/04\/flor_2-min-100x100.jpg 100w\" sizes=\"auto, (max-width: 1080px) 100vw, 1080px\" \/> <\/div>\r\n                <div class=\"text-wrap \" style=\" padding:30px 30px 12px;\">\r\n                    <h3 class=\"title\" style=\"font-size:20px;color:#414042;\">\r\n            Flor 2\r\n        <\/h3> <div class=\"desc\" style=\"\">Medidas: 40 cm | Cod: 2034<\/div> \r\n                <\/div>\r\n                \r\n            <\/div>\r\n        <\/div>\r\n    <\/div>\r\n\t<div class=\"bauer-spacer clearfix\" data-desktop=\"30\" data-mobi=\"30\" data-smobi=\"30\"><\/div><div class=\"bauer-image-box clearfix style-1 text-center\" style=\"\" >\r\n        <div class=\"item\">\r\n            <div class=\"inner\">\r\n                <div class=\"thumb\" style=\"\"><img loading=\"lazy\" decoding=\"async\" width=\"1080\" height=\"1080\" src=\"https:\/\/ecoyeso.com.py\/wp-content\/uploads\/2023\/04\/flor_5-min.jpg\" class=\"attachment-full size-full\" alt=\"\" srcset=\"https:\/\/ecoyeso.com.py\/wp-content\/uploads\/2023\/04\/flor_5-min.jpg 1080w, https:\/\/ecoyeso.com.py\/wp-content\/uploads\/2023\/04\/flor_5-min-300x300.jpg 300w, https:\/\/ecoyeso.com.py\/wp-content\/uploads\/2023\/04\/flor_5-min-1024x1024.jpg 1024w, https:\/\/ecoyeso.com.py\/wp-content\/uploads\/2023\/04\/flor_5-min-150x150.jpg 150w, https:\/\/ecoyeso.com.py\/wp-content\/uploads\/2023\/04\/flor_5-min-768x768.jpg 768w, https:\/\/ecoyeso.com.py\/wp-content\/uploads\/2023\/04\/flor_5-min-600x600.jpg 600w, https:\/\/ecoyeso.com.py\/wp-content\/uploads\/2023\/04\/flor_5-min-870x870.jpg 870w, https:\/\/ecoyeso.com.py\/wp-content\/uploads\/2023\/04\/flor_5-min-640x640.jpg 640w, https:\/\/ecoyeso.com.py\/wp-content\/uploads\/2023\/04\/flor_5-min-480x480.jpg 480w, https:\/\/ecoyeso.com.py\/wp-content\/uploads\/2023\/04\/flor_5-min-140x140.jpg 140w, https:\/\/ecoyeso.com.py\/wp-content\/uploads\/2023\/04\/flor_5-min-550x550.jpg 550w, https:\/\/ecoyeso.com.py\/wp-content\/uploads\/2023\/04\/flor_5-min-100x100.jpg 100w\" sizes=\"auto, (max-width: 1080px) 100vw, 1080px\" \/> <\/div>\r\n                <div class=\"text-wrap \" style=\" padding:30px 30px 12px;\">\r\n                    <h3 class=\"title\" style=\"font-size:20px;color:#414042;\">\r\n            Flor 5\r\n        <\/h3> <div class=\"desc\" style=\"\">Medidas: 40 cm | Cod: 2038<\/div> \r\n                <\/div>\r\n                \r\n            <\/div>\r\n        <\/div>\r\n    <\/div>\r\n\t<div class=\"bauer-spacer clearfix\" data-desktop=\"30\" data-mobi=\"30\" data-smobi=\"30\"><\/div><div class=\"bauer-image-box clearfix style-1 text-center\" style=\"\" >\r\n        <div class=\"item\">\r\n            <div class=\"inner\">\r\n                <div class=\"thumb\" style=\"\"><img loading=\"lazy\" decoding=\"async\" width=\"1080\" height=\"1080\" src=\"https:\/\/ecoyeso.com.py\/wp-content\/uploads\/2023\/04\/circular_1-min.jpg\" class=\"attachment-full size-full\" alt=\"\" srcset=\"https:\/\/ecoyeso.com.py\/wp-content\/uploads\/2023\/04\/circular_1-min.jpg 1080w, https:\/\/ecoyeso.com.py\/wp-content\/uploads\/2023\/04\/circular_1-min-300x300.jpg 300w, https:\/\/ecoyeso.com.py\/wp-content\/uploads\/2023\/04\/circular_1-min-1024x1024.jpg 1024w, https:\/\/ecoyeso.com.py\/wp-content\/uploads\/2023\/04\/circular_1-min-150x150.jpg 150w, https:\/\/ecoyeso.com.py\/wp-content\/uploads\/2023\/04\/circular_1-min-768x768.jpg 768w, https:\/\/ecoyeso.com.py\/wp-content\/uploads\/2023\/04\/circular_1-min-600x600.jpg 600w, https:\/\/ecoyeso.com.py\/wp-content\/uploads\/2023\/04\/circular_1-min-870x870.jpg 870w, https:\/\/ecoyeso.com.py\/wp-content\/uploads\/2023\/04\/circular_1-min-640x640.jpg 640w, https:\/\/ecoyeso.com.py\/wp-content\/uploads\/2023\/04\/circular_1-min-480x480.jpg 480w, https:\/\/ecoyeso.com.py\/wp-content\/uploads\/2023\/04\/circular_1-min-140x140.jpg 140w, https:\/\/ecoyeso.com.py\/wp-content\/uploads\/2023\/04\/circular_1-min-550x550.jpg 550w, https:\/\/ecoyeso.com.py\/wp-content\/uploads\/2023\/04\/circular_1-min-100x100.jpg 100w\" sizes=\"auto, (max-width: 1080px) 100vw, 1080px\" \/> <\/div>\r\n                <div class=\"text-wrap \" style=\" padding:30px 30px 12px;\">\r\n                    <h3 class=\"title\" style=\"font-size:20px;color:#414042;\">\r\n            Moldura Circular\r\n        <\/h3> <div class=\"desc\" style=\"\">Medidas: 35,5 cm | Cod: 2035<\/div> \r\n                <\/div>\r\n                \r\n            <\/div>\r\n        <\/div>\r\n    <\/div>[\/vc_column_inner][vc_column_inner width=\u00bb1\/3&#8243; css=\u00bb.vc_custom_1672971673136{padding-right: 30px !important;padding-left: 30px !important;}\u00bb]<div class=\"bauer-image-box clearfix style-1 text-center\" style=\"\" >\r\n        <div class=\"item\">\r\n            <div class=\"inner\">\r\n                <div class=\"thumb\" style=\"\"><img loading=\"lazy\" decoding=\"async\" width=\"1080\" height=\"1080\" src=\"https:\/\/ecoyeso.com.py\/wp-content\/uploads\/2023\/04\/flor_3-min.jpg\" class=\"attachment-full size-full\" alt=\"\" srcset=\"https:\/\/ecoyeso.com.py\/wp-content\/uploads\/2023\/04\/flor_3-min.jpg 1080w, https:\/\/ecoyeso.com.py\/wp-content\/uploads\/2023\/04\/flor_3-min-300x300.jpg 300w, https:\/\/ecoyeso.com.py\/wp-content\/uploads\/2023\/04\/flor_3-min-1024x1024.jpg 1024w, https:\/\/ecoyeso.com.py\/wp-content\/uploads\/2023\/04\/flor_3-min-150x150.jpg 150w, https:\/\/ecoyeso.com.py\/wp-content\/uploads\/2023\/04\/flor_3-min-768x768.jpg 768w, https:\/\/ecoyeso.com.py\/wp-content\/uploads\/2023\/04\/flor_3-min-600x600.jpg 600w, https:\/\/ecoyeso.com.py\/wp-content\/uploads\/2023\/04\/flor_3-min-870x870.jpg 870w, https:\/\/ecoyeso.com.py\/wp-content\/uploads\/2023\/04\/flor_3-min-640x640.jpg 640w, https:\/\/ecoyeso.com.py\/wp-content\/uploads\/2023\/04\/flor_3-min-480x480.jpg 480w, https:\/\/ecoyeso.com.py\/wp-content\/uploads\/2023\/04\/flor_3-min-140x140.jpg 140w, https:\/\/ecoyeso.com.py\/wp-content\/uploads\/2023\/04\/flor_3-min-550x550.jpg 550w, https:\/\/ecoyeso.com.py\/wp-content\/uploads\/2023\/04\/flor_3-min-100x100.jpg 100w\" sizes=\"auto, (max-width: 1080px) 100vw, 1080px\" \/> <\/div>\r\n                <div class=\"text-wrap \" style=\" padding:30px 30px 12px;\">\r\n                    <h3 class=\"title\" style=\"font-size:20px;color:#414042;\">\r\n            Flor 3\r\n        <\/h3> <div class=\"desc\" style=\"\">Medidas: 47 cm | Cod: 2036<\/div> \r\n                <\/div>\r\n                \r\n            <\/div>\r\n        <\/div>\r\n    <\/div>\r\n\t<div class=\"bauer-spacer clearfix\" data-desktop=\"30\" data-mobi=\"30\" data-smobi=\"30\"><\/div><div class=\"bauer-image-box clearfix style-1 text-center\" style=\"\" >\r\n        <div class=\"item\">\r\n            <div class=\"inner\">\r\n                <div class=\"thumb\" style=\"\"><img loading=\"lazy\" decoding=\"async\" width=\"1080\" height=\"1080\" src=\"https:\/\/ecoyeso.com.py\/wp-content\/uploads\/2023\/04\/flor_6-min.jpg\" class=\"attachment-full size-full\" alt=\"\" srcset=\"https:\/\/ecoyeso.com.py\/wp-content\/uploads\/2023\/04\/flor_6-min.jpg 1080w, https:\/\/ecoyeso.com.py\/wp-content\/uploads\/2023\/04\/flor_6-min-300x300.jpg 300w, https:\/\/ecoyeso.com.py\/wp-content\/uploads\/2023\/04\/flor_6-min-1024x1024.jpg 1024w, https:\/\/ecoyeso.com.py\/wp-content\/uploads\/2023\/04\/flor_6-min-150x150.jpg 150w, https:\/\/ecoyeso.com.py\/wp-content\/uploads\/2023\/04\/flor_6-min-768x768.jpg 768w, https:\/\/ecoyeso.com.py\/wp-content\/uploads\/2023\/04\/flor_6-min-600x600.jpg 600w, https:\/\/ecoyeso.com.py\/wp-content\/uploads\/2023\/04\/flor_6-min-870x870.jpg 870w, https:\/\/ecoyeso.com.py\/wp-content\/uploads\/2023\/04\/flor_6-min-640x640.jpg 640w, https:\/\/ecoyeso.com.py\/wp-content\/uploads\/2023\/04\/flor_6-min-480x480.jpg 480w, https:\/\/ecoyeso.com.py\/wp-content\/uploads\/2023\/04\/flor_6-min-140x140.jpg 140w, https:\/\/ecoyeso.com.py\/wp-content\/uploads\/2023\/04\/flor_6-min-550x550.jpg 550w, https:\/\/ecoyeso.com.py\/wp-content\/uploads\/2023\/04\/flor_6-min-100x100.jpg 100w\" sizes=\"auto, (max-width: 1080px) 100vw, 1080px\" \/> <\/div>\r\n                <div class=\"text-wrap \" style=\" padding:30px 30px 12px;\">\r\n                    <h3 class=\"title\" style=\"font-size:20px;color:#414042;\">\r\n            Flor 6\r\n        <\/h3> <div class=\"desc\" style=\"\">Medidas: 47 cm | Cod: 2036<\/div> \r\n                <\/div>\r\n                \r\n            <\/div>\r\n        <\/div>\r\n    <\/div>\r\n\t<div class=\"bauer-spacer clearfix\" data-desktop=\"30\" data-mobi=\"30\" data-smobi=\"30\"><\/div>\r\n\t<div class=\"bauer-spacer clearfix\" data-desktop=\"30\" data-mobi=\"30\" data-smobi=\"30\"><\/div>[\/vc_column_inner][\/vc_row_inner]\r\n\t<div class=\"bauer-spacer clearfix\" data-desktop=\"100\" data-mobi=\"60\" data-smobi=\"60\"><\/div>[\/vc_column][\/vc_row][vc_row][vc_column][\/vc_column][\/vc_row]<\/p>\n","protected":false},"excerpt":{"rendered":"<p>[vc_row css=\u00bb.vc_custom_1558852781310{background-color: #f7f9fa !important;background-position: center !important;background-repeat: no-repeat !important;background-size: cover !important;}\u00bb][vc_column][vc_row_inner][vc_column_inner width=\u00bb1\/2&#8243;][\/vc_column_inner][vc_column_inner width=\u00bb1\/2&#8243;][\/vc_column_inner][\/vc_row_inner][vc_row_inner][vc_column_inner width=\u00bb1\/3&#8243; css=\u00bb.vc_custom_1672971585960{padding-right: 30px !important;padding-left: 30px !important;}\u00bb][\/vc_column_inner][vc_column_inner width=\u00bb1\/3&#8243; css=\u00bb.vc_custom_1672971647393{padding-right: 30px !important;padding-left: 30px !important;}\u00bb][\/vc_column_inner][vc_column_inner width=\u00bb1\/3&#8243; css=\u00bb.vc_custom_1672971673136{padding-right: 30px !important;padding-left: 30px !important;}\u00bb][\/vc_column_inner][\/vc_row_inner][\/vc_column][\/vc_row][vc_row][vc_column][\/vc_column][\/vc_row]<\/p>\n","protected":false},"author":1,"featured_media":0,"parent":0,"menu_order":0,"comment_status":"closed","ping_status":"closed","template":"","meta":{"_monsterinsights_skip_tracking":false,"_monsterinsights_sitenote_active":false,"_monsterinsights_sitenote_note":"","_monsterinsights_sitenote_category":0,"footnotes":""},"class_list":["post-10042","page","type-page","status-publish","hentry"],"_links":{"self":[{"href":"https:\/\/ecoyeso.com.py\/index.php\/wp-json\/wp\/v2\/pages\/10042","targetHints":{"allow":["GET"]}}],"collection":[{"href":"https:\/\/ecoyeso.com.py\/index.php\/wp-json\/wp\/v2\/pages"}],"about":[{"href":"https:\/\/ecoyeso.com.py\/index.php\/wp-json\/wp\/v2\/types\/page"}],"author":[{"embeddable":true,"href":"https:\/\/ecoyeso.com.py\/index.php\/wp-json\/wp\/v2\/users\/1"}],"replies":[{"embeddable":true,"href":"https:\/\/ecoyeso.com.py\/index.php\/wp-json\/wp\/v2\/comments?post=10042"}],"version-history":[{"count":6,"href":"https:\/\/ecoyeso.com.py\/index.php\/wp-json\/wp\/v2\/pages\/10042\/revisions"}],"predecessor-version":[{"id":10098,"href":"https:\/\/ecoyeso.com.py\/index.php\/wp-json\/wp\/v2\/pages\/10042\/revisions\/10098"}],"wp:attachment":[{"href":"https:\/\/ecoyeso.com.py\/index.php\/wp-json\/wp\/v2\/media?parent=10042"}],"curies":[{"name":"wp","href":"https:\/\/api.w.org\/{rel}","templated":true}]}}